?
36
Calculate the highest common divisor of 59 and 7770418.
59
Calculate the greatest common divisor of 14207 and 1.
1
Calculate the greatest common factor of 40255 and 5.
5
What is the greatest common divisor of 497759 and 278?
139
What is the greatest common factor of 8289 and 307?
307
Calculate the greatest common divisor of 1564 and 1836.
68
Calculate the highest common factor of 135 and 118935.
135
What is the greatest common factor of 1988745 and 1683?
561
Calculate the highest common divisor of 79084 and 47683.
1163
Calculate the highest common divisor of 13580 and 40.
20
What is the greatest common divisor of 153 and 9894?
51
What is the greatest common factor of 6102 and 54?
54
What is the highest common divisor of 146339 and 244?
61
What is the highest common divisor of 374193 and 279?
9
Calculate the greatest common factor of 24158 and 3196.
94
Calculate the highest common factor of 2646 and 392.
98
Calculate the greatest common factor of 6980 and 1383436.
1396
What is the highest common factor of 54710 and 20?
10
Calculate the greatest common divisor of 6107824 and 16.
16
Calculate the greatest common factor of 184 and 143796.
92
Calculate the greatest common divisor of 92983 and 13035.
869
Calculate the highest common divisor of 138431 and 289.
289
Calculate the greatest common divisor of 4477 and 7139.
121
Calculate the highest common factor of 90 and 7130.
10
What is the highest common factor of 118183 and 13?
13
What is the highest common factor of 1128 and 51324?
564
Calculate the highest common factor of 920 and 3560.
40
What is the highest common divisor of 440 and 1672?
88
Calculate the highest common factor of 1070 and 378245.
535
Calculate the highest common divisor of 11 and 44033.
11
Calculate the greatest common divisor of 3 and 39381.
3
Calculate the greatest common divisor of 66 and 1518.
66
What is the highest common factor of 51 and 196503?
51
Calculate the highest common divisor of 4590 and 4770.
90
Calculate the highest common factor of 17925790 and 10.
10
What is the greatest common factor of 124816 and 2320?
464
What is the highest common divisor of 26721 and 396?
9
Calculate the highest common factor of 4473553 and 49.
49
What is the greatest common factor of 42 and 138642?
42
Calculate the greatest common factor of 10743 and 111.
3
Calculate the greatest common factor of 344 and 58048.
8
Calculate the highest common factor of 8987 and 258.
43
Calculate the highest common divisor of 10997583 and 1523.
1523
What is the greatest common factor of 41592 and 72?
24
What is the highest common divisor of 3289 and 4485?
299
Calculate the highest common divisor of 46 and 478.
2
Calculate the greatest common divisor of 6 and 153645.
3
Calculate the highest common factor of 575 and 401825.
25
What is the highest common factor of 8 and 41560?
8
Calculate the highest common factor of 1452 and 98604.
132
Calculate the highest common divisor of 1988 and 376016.
284
Calculate the greatest common divisor of 10 and 2066.
2
Calculate the greatest common divisor of 5020 and 31060.
20
Calculate the highest common factor of 749145 and 30.
15
What is the greatest common divisor of 50078 and 5840?
146
Calculate the greatest common divisor of 792 and 504.
72
Calculate the greatest common factor of 32977 and 5733.
49
What is the greatest common factor of 309025 and 44650?
1175
Calculate the highest common divisor of 942 and 177410.
314
What is the highest common factor of 25960 and 275?
55
What is the greatest common divisor of 41 and 307295?
41
Calculate the greatest common factor of 3101 and 119.
7
Calculate the greatest common divisor of 6511042 and 206.
206
What is the greatest common factor of 903 and 111?
3
What is the greatest common divisor of 3230 and 59470?
190
What is the greatest common factor of 8389 and 52?
1
What is the greatest common factor of 31 and 122915?
31
What is the greatest common factor of 534 and 802335?
267
What is the highest common divisor of 3871 and 24451?
49
What is the highest common divisor of 19568 and 16?
16
What is the highest common factor of 9299246 and 76?
38
What is the greatest common divisor of 468 and 253279?
13
What is the greatest common divisor of 1843 and 969?
19
Calculate the greatest common divisor of 308 and 169928.
44
Calculate the greatest common divisor of 22 and 75074.
2
Calculate the highest common divisor of 1709202 and 282.
282
Calculate the greatest common factor of 625867 and 22.
11
What is the highest common factor of 189 and 3267?
27
What is the greatest common factor of 469435 and 5?
5
Calculate the greatest common factor of 71932 and 19012.
196
Calculate the highest common factor of 258 and 87978.
258
Calculate the highest common divisor of 768 and 627888.
48
Calculate the greatest common factor of 392 and 566608.
56
Calculate the greatest common factor of 532 and 7574.
14
Calculate the highest common factor of 11128 and 2076763.
1391
Calculate the greatest common divisor of 8888 and 2552.
88
What is the highest common divisor of 28 and 204988?
28
Calculate the highest common factor of 640 and 16448.
64
Calculate the greatest common divisor of 1360303 and 87.
29
What is the greatest common factor of 261 and 398025?
261
Calculate the highest common factor of 37876 and 1088.
68
Calculate the greatest common factor of 56 and 134540.
28
Calculate the highest common factor of 15336 and 1539.
27
What is the highest common divisor of 23 and 1370179?
23
Calculate the highest common factor of 50 and 212370.
10
Calculate the highest common divisor of 1607096 and 19.
19
Calculate the highest common divisor of 20254 and 4446.
494
Calculate the highest common divisor of 2013 and 22692.
183
What is the highest common factor of 50 and 133850?
50
What is the highest common divisor of 1424 and 30616?
712
Calculate the highest common divisor of 104 and 3624088.
104
What is the highest common factor of 17296 and 57730?
46
Calculate the greatest common divisor of 1500 and 332490.
30
What is the highest common factor of 475135 and 10?
5
What is the highest common divisor of 144 and 184512?
48
What is the highest common divisor of 97783 and 687?
229
What is the greatest common divisor of 18 and 37917?
9
Calculate the highest common divisor of 60277 and 35.
7
What is the greatest common divisor of 45105 and 3201?
291
Calculate the greatest common divisor of 6336 and 306944.
704
Calculate the highest common divisor of 37999 and 19721.
481
What is the greatest common divisor of 930 and 43555?
155
Calculate the highest common divisor of 232760 and 230.
230
Calculate the highest common factor of 2639 and 161791.
203
What is the greatest common divisor of 3 and 19434?
3
What is the highest common divisor of 923 and 12766?
13
What is the highest common factor of 410 and 1990?
10
Calculate the greatest common divisor of 22313 and 2947.
421
What is the highest common divisor of 120 and 296800?
40
What is the highest common divisor of 5826 and 1452?
6
Calculate the greatest common divisor of 12 and 318732.
12
Calculate the highest common divisor of 2 and 21578.
2
What is the greatest common factor of 60 and 7608?
12
Calculate the highest common divisor of 1215 and 4698.
81
Calculate the highest common factor of 104 and 1150786.
26
What is the highest common divisor of 47465 and 220?
55
Calculate the highest common divisor of 8483 and 31936.
499
What is the greatest common divisor of 573 and 4583427?
573
What is the highest common factor of 396 and 19356?
12
Calculate the greatest common divisor of 40 and 307220.
20
What is the greatest common divisor of 144819 and 12?
3
Calculate the highest common factor of 1960 and 94815.
245
What is the highest common divisor of 6188 and 13566?
238
What is the highest common factor of 1720 and 559?
43
Calculate the greatest common divisor of 835 and 405.
5
Calculate the greatest common factor of 14400 and 9280.
320
What is the highest common factor of 5894 and 52204?
842
What is the greatest common factor of 9114 and 231?
21
Calculate the greatest common divisor of 504 and 204008.
56
What is the highest common divisor of 99 and 321673?
11
Calculate the greatest common divisor of 163624 and 16.
8
What is the highest common factor of 3230 and 4476134?
646
Calcula